 = -n + 3*k + 600, n + 4*k = 169. What is the hundreds digit of n?
1
Let m(x) = 14*x**2 + 18*x + 187. What is the tens digit of m(15)?
0
What is the units digit of (-8474)/(-16) + (-57)/(-152)?
0
Let h be (-3)/(-1) + (-2)/(-2). Suppose 10*a - 4 - 16 = 0. Suppose -3*o - w - a*w + 123 = 0, -4*o + h*w + 132 = 0. What is the units digit of o?
7
Let x(y) = 3*y**2 - 7*y + 7. Let j be 5 - (-1 + 6) - 2*3. What is the tens digit of x(j)?
5
Let g(r) = -21*r + 122. What is the hundreds digit of g(-39)?
9
Suppose -5*q - 363 = -3*k - 119, -3*q = -k + 84. Let i = k + -45. Let r = -20 + i. What is the tens digit of r?
1
Let r(q) = -2*q**3 + 8*q**2 - 28. Let y be r(7). Let s = y + 586. What is the hundreds digit of s?
2
Let l be (-3)/((-45)/50)*-6. What is the tens digit of l/(1/3*-1)?
6
Let c = -26 + 26. Suppose -4*r = 4*s - 412, 4*s - 5*r - 395 - 53 = c. What is the hundreds digit of s?
1
Suppose 7*c - 12*c - 379 = -i, 3*c = 12. What is the tens digit of i?
9
Let g(j) = j**2 - 3*j - 2. Let w be g(4). Suppose w*f + 11 = -11. Let x(k) = -k + 9. What is the tens digit of x(f)?
2
Let y = 8855 - 5233. What is the units digit of y?
2
Suppose 0 = 5*m + 2*j - 60, -3*m - 16 + 52 = -2*j. Suppose 0 = m*u + 237 - 1569. What is the tens digit of u?
1
Let j(r) = -8*r + 106. What is the units digit of j(-32)?
2
Let t = 1917 - 45. What is the hundreds digit of t?
8
Suppose -o = 3*o - 556. Let k = o - 77. What is the tens digit of k?
6
Suppose 6620 = -140*a + 150*a. What is the tens digit of a?
6
Let a(m) = -7*m - m**3 - 7*m**2 - 13 + 11*m**2 + 5*m**2 + 7*m**2. What is the hundreds digit of a(15)?
1
Let o = -6 - -8. Let c be 4 + 1 + o + -4. Suppose -c*d = -t + 10, t + 1 = d + 15. What is the tens digit of t?
1
Suppose -4*w - w = 5, -5*l - 2*w = -938. Let z = -127 + l. What is the tens digit of z?
6
Suppose 0 = -2*y - w + 8, -14 = -4*y - 2*w + w. Suppose d + 246 = y*i, 5*i = -d + 4*d + 410. What is the tens digit of i?
8
Suppose 29*p - 19013 - 6855 = 0. What is the units digit of p?
2
Let i = -123 - -269. Let t = i - 100. What is the units digit of 12/(-16) - t/(-8)?
5
Suppose 2*o - 8 = o. What is the units digit of ((-19)/2)/((-17)/o - -2)?
6
Suppose -x - 3*y + 465 = -18, 1872 = 4*x - 3*y. What is the units digit of x?
1
Let g = 41 + -38. Suppose g*d = -d + 240. What is the units digit of d?
0
Let b be -14*(-33)/12*(-6 + 0). What is the units digit of (b/(-9) + 4)/(4/36)?
7
Let h(s) = 8*s**2 - 4. Let j(k) = 53*k - 53*k + k**2 - 3. Let b be j(0). What is the units digit of h(b)?
8
What is the tens digit of (((-20)/8)/((-12)/4440))/1?
2
Let m be 12/(-8) - (-14)/4. Suppose j + l = -0*j + 1, 4*j + m*l - 10 = 0. Let k = j - -33. What is the units digit of k?
7
Suppose -2*y + 2307 = 493. What is the tens digit of y?
0
Let r(y) = -23 - 6*y - 5*y + 6*y. What is the tens digit of r(-19)?
7
Let o(r) be the third derivative of -r**6/120 + r**5/30 + r**4/8 - r**3/3 + 3*r**2. Let z be o(4). Let s = 33 + z. What is the tens digit of s?
1
Suppose -18 = 4*w + 4*o - 9*o, 3*w = -4*o - 29. Let x = -64 - -34. Let y = w - x. What is the tens digit of y?
2
Let o(v) = -v + 10. Let k be o(12). Let q be ((-372)/(-8))/(1/k). What is the units digit of (-1)/(-2 - 183/q)?
1
Let q(z) = 99*z + 3. Let x(d) = d**2 - 12*d + 33. Let n be x(8). What is the units digit of q(n)?
2
Let h(f) be the second derivative of -6*f**3 + 6*f**2 - 23*f. What is the units digit of h(-4)?
6
Let l be 31*(-18)/(-3) + 3. Suppose 0 = -4*r + l + 99. What is the units digit of r?
2
Suppose -5*m - 2*b + 329 = 0, 0*m = -2*m + 4*b + 122. Suppose m = -3*z + 4*z. What is the units digit of z?
5
Let p be -25 + 6 - (2 + -1). What is the tens digit of (36/(-3) + -2)*190/p?
3
Let t = 917 + -645. What is the hundreds digit of t?
2
What is the tens digit of (-50626)/(-22)*1 + (-38)/209?
0
Suppose 11 + 49 = 5*z. Let p = z - 4. Suppose g - 3*g - p = 0, 19 = f + 5*g. What is the units digit of f?
9
Let v = -30 - -31. What is the units digit of (-176)/(-30) + v/((-30)/(-4))?
6
Suppose 17*u - 21*u + 3368 = 4*y, -5*u - 2*y + 4204 = 0. What is the units digit of u?
0
Let t(z) = 13*z - 15. What is the tens digit of t(13)?
5
What is the tens digit of 5 - (-6 + 8) - -53?
5
What is the units digit of (2/(-6))/(6872/2292 - 3)?
1
Suppose -5*o + 27*o - 726 = 0. Let f be 21 + ((-2)/(-2) - 0). Suppose 3*z - o = -2*v, -3*v - f = -2*z - 8*v. What is the tens digit of z?
1
Let r(k) = k**3 + 6*k**2 - k + 4. Let x be r(-6). Let z be 16*(-3)/6*1. Let s = x + z. What is the units digit of s?
2
Let h = -35 - 35. Let c = -33 - h. What is the units digit of c?
7
Suppose -2*s = -5*s + 30. Let t(a) = 3*a**2 - 16*a - 23. What is the units digit of t(s)?
7
What is the tens digit of (72 + -1 + -2)*(-116)/(-6)?
3
Let o = -800 + 993. What is the hundreds digit of o?
1
Let x = 11 + -14. Let s = x + 7. Suppose -s = -3*t + 8. What is the units digit of t?
4
What is the units digit of (-1046)/(-5) - 6/30?
9
Let l(g) = 12*g**2 - 2*g + 1. Let n(d) = 11*d**2 - 3*d + 1. Let o(x) = 5*l(x) - 4*n(x). Suppose -m + 1 = 2. What is the units digit of o(m)?
5
Let u(c) = -c**3 - 11*c**2 - 6*c + 8. Let k(p) = -p**3 - 6*p**2 - 3*p + 4. Let f(w) = -5*k(w) + 3*u(w). What is the units digit of f(3)?
2
Suppose 4*g - 1189 = -3*b, -5*b - 4*g + 2005 = -2*g. Let c = 630 - b. What is the tens digit of c?
2
Let m(h) = -122*h + 924. What is the hundreds digit of m(-22)?
6
Suppose 3283 = 3*m - a, -m + 10*a = 15*a - 1073. What is the units digit of m?
3
Suppose 7*p - 2*p - 15 = 0, 612 = 4*k - 4*p. Let z = 110 - k. Let u = -25 - z. What is the tens digit of u?
2
Suppose -5*r - 59 - 1 = 0. What is the tens digit of (-235 + -2)*r/18?
5
Let j = 364 + 136. What is the hundreds digit of j?
5
Let c be (1/(-1))/((-13)/(-234)). Let j = c - -78. What is the tens digit of j?
6
Suppose 2*u - o + 2 = 3, -3*u + 4*o - 1 = 0. Suppose 3*m + 193 = 2*i, -5*m + u - 6 = 0. What is the tens digit of i?
9
Suppose 4*y - 4*w - 420 = 0, 0 = -3*y - w + 178 + 137. What is the hundreds digit of y?
1
Suppose -384 - 86 = 10*m. Let s = 21 - m. What is the tens digit of s?
6
Suppose 4*b - 4*q - 52 = 0, b - 7*q + 4*q = 15. What is the units digit of b?
2
Let s be 0/((4 - 2)*(-2)/2). Suppose s = -4*w - 14 + 270. What is the tens digit of w?
6
Let l(q) = -25*q - 30. Let d be l(-14). Suppose h - d = -104. What is the units digit of h?
6
Suppose -5*y + 3*m + 11581 = 4158, 0 = 3*y + 4*m - 4477. What is the thousands digit of y?
1
Suppose 0*h = h - 4. Let q = -4 + h. What is the units digit of q - (0 + 20/(-4))?
5
Let h(r) = -2*r**2 + 18*r + 11. Let p be h(8). What is the units digit of 2082/9 - (-18)/p?
2
Suppose -u + 0 = -5. Suppose f + 3*y + 9 = -7, -u*y + 24 = -f. Let b = f - -31. What is the units digit of b?
2
Let o = -67 + 57. What is the units digit of (-894)/o + (-8)/20?
9
Suppose 0 = -0*k + 2*k + 8. Let z(l) be the second derivative of -2*l**3/3 - 5*l**2 + 5*l. What is the units digit of z(k)?
6
Let p(j) = 10*j. Let g be p(-1). Let l = 12 + g. Suppose 3*a - 19 = -l*m + 31, -25 = -a + m. What is the tens digit of a?
2
Suppose 49 = -2*l + 5*n, 0*l + n + 65 = -3*l. Let u = -7 - l. What is the tens digit of u?
1
Let q(z) = 15*z**2 + 19*z - 52. What is the units digit of q(-14)?
2
Let r = -316 - -528. Suppose r = 9*v - 454. What is the units digit of v?
4
Let c(p) = -407*p - 7. What is the units digit of c(-1)?
0
Let b(c) = -70*c - 45. What is the units digit of b(-11)?
5
Let x = 1638 + -1078. What is the units digit of x?
0
Suppose -4285 - 26571 = -14*v. What is the hundreds digit of v?
2
Let j = -68 + 73. Suppose -j*s + 43 + 287 = 0. What is the units digit of s?
6
Suppose 4*k = 0, 5*g = -6*k + k + 25. Suppose g*o + 5 = 190. Suppose 2*u = 5*l - u - o, l = 3*u + 5. What is the units digit of l?
8
Let q = -384 - -1112. What is the hundreds digit of q?
7
Let y be 1*3 - 15/(9 + -4). Suppose 4*g + 4*v - 60 = y, -5*g = 3*v - 88 + 11. What is the units digit of g?
6
Let k(m) be the second derivative of 5*m**3/3 + m**2/2 - 2*m. What is the units digit of k(8)?
1
Suppose -32 = 4*a - 3*b, 3*a = 7*a - 2*b + 28. Let w(y) = 9 + y**2 + y**3 + 5*y**2 - 6*y + 3*y. What is the tens digit of w(a)?
4
Let g = -51 - -96. Suppose -19*i = -52*i - 726. Let q = g + i. What is the tens digit of q?
2
Let r = -1604 + 4823. What is the units digit of r?
9
What